 a be (171/(-36))/(1/b). Let l = a + 4. What is the tens digit of l?
2
Suppose 0 = -2*d + 4*d - 8, -4*s - 5*d = -64. Suppose 0 = j - 2*u - s, 2*j + 4*u + 48 = 6*j. What is the tens digit of j?
1
Let b(m) = 40*m**2 + 7*m + 5. What is the units digit of b(3)?
6
Let w be -4 + 2 + 2 - 0. Suppose w*m = -3*m + 333. Suppose m + 13 = 4*z. What is the tens digit of z?
3
Let q = -805 + 2015. What is the tens digit of q?
1
Let j(s) be the third derivative of -s**6/60 + s**4/3 - s**3 - 4*s**2. Let q be j(5). What is the tens digit of 16/40 + q/(-10)?
2
Suppose 32*k - 2386 = 31*k + 4*t, 4*k + 4*t = 9504. What is the thousands digit of k?
2
Let x(b) = b**3 + 8*b**2 - 10*b + 17. Suppose -4*w = 15 - 87. Suppose 13*a = w*a + 45. What is the units digit of x(a)?
6
Suppose 3*y + d = 953, 4*y + 5*d = -177 + 1444. What is the tens digit of y?
1
Suppose -5*a + 33 = -y, -16*a + 11*a + 2*y + 36 = 0. Suppose -3*t = 3*z - 648, -4*t - 677 - a = -3*z. What is the hundreds digit of z?
2
Suppose 8*a - 3*a + 2*i - 461 = 0, a = -4*i + 103. What is the units digit of a?
1
Let s = -464 - -886. What is the units digit of s?
2
Let w(s) = -2*s**2 + s**2 - 15*s + 12 + 18*s. Let z be w(5). Suppose -4*b = j - 37, z*j - 3*b - 100 = 2*b. What is the units digit of j?
5
Suppose 0 = 6*p - 4*p - 162. Let z = p + -42. What is the tens digit of z?
3
Let a(c) = 2*c**3 - 17*c**2 + 7*c - 11. What is the thousands digit of a(13)?
1
Suppose -4*u = 12, u = 2*g + 5*u + 444. What is the units digit of 2 + -4 - g/9?
2
Suppose 0 = -q - 4*q + 4*f + 10, -f - 6 = -3*q. Suppose 0 = v - 1, 3*z - q + 0 = -5*v. What is the units digit of 9*(2 + z) + -1?
8
Suppose -4*h - 4*m + 24 = 0, h - 4*h - 4*m = -19. Suppose 3*q = h*q + 30. What is the units digit of q*((-21)/9 - -2)?
5
Let p be 185/15 - 1/3. Let f = p - 18. Let t(y) = y**2 + 3*y + 17. What is the tens digit of t(f)?
3
Let w(c) = 89*c**2 - 13*c + 3. What is the units digit of w(3)?
5
Suppose 4*i - x + 7 = 4*x, -5 = -4*i + x. Suppose -5*s - 4*p = -314, -3*p + 6*p + 144 = i*s. What is the units digit of s?
6
Suppose -1190 = -5*l + 315. What is the units digit of l?
1
Let g = -1097 - -2098. What is the units digit of g?
1
Suppose b + b + 2*z - 2602 = 0, 3*b = z + 3899. What is the thousands digit of b?
1
Let i be ((-2)/6 - -1)*(-354)/(-4). Let o = 16 + i. What is the tens digit of o?
7
What is the tens digit of (-1)/(((-5)/110)/1)?
2
Suppose 5*w + 12*n = 15*n + 9734, 0 = 5*w - 5*n - 9740. What is the tens digit of w?
4
Suppose 6*v + 475 - 2227 = 0. What is the hundreds digit of v?
2
Suppose -b + 7*b - 120 = 0. What is the units digit of ((-328)/b)/((-1)/5)?
2
Suppose -7*p - 8 = -3*p. Let h be (3 + -3)/(-3) - p. What is the units digit of -2*((-17)/h + -3)?
3
Let h be (-6)/4*((-76)/12 + 1). Suppose -2*s = -h*s + 1938. What is the hundreds digit of s?
3
Let z(o) = 6*o + 3. Let l be z(-4). Let f = l + 15. What is the units digit of f/4*4/(-3)?
2
Let v(a) = 7*a**2 - 34*a - 186. What is the hundreds digit of v(-20)?
2
Let p = -4 - 69. Let g = p - -148. Suppose -4*z + g - 7 = 0. What is the tens digit of z?
1
Suppose 403 - 2759 = -3*d - 4*f, 4*d + f - 3150 = 0. What is the tens digit of d?
8
Let s(m) be the third derivative of -m**6/120 + 4*m**5/15 + 5*m**4/24 + 7*m**3/3 + 16*m**2. What is the units digit of s(16)?
4
Let v = -291 - -285. Let o(q) = -q**3 - 11*q**2 + q - 8. Let u(y) = -y**3 - 10*y**2 + 2*y - 7. Let k(n) = -6*o(n) + 7*u(n). What is the tens digit of k(v)?
2
Let n(x) = 29*x**3 - 3*x + 2. Let k be (1/3)/((-5)/(-30)). What is the units digit of n(k)?
8
Suppose 3 = 3*q - 0*g + 2*g, 2*q = -4*g - 6. Suppose -q*j - j = -388. What is the tens digit of j?
9
Let q be (2/(-6))/(3/(-72)). Let i = q - 8. Suppose 5*l - 94 + 9 = i. What is the units digit of l?
7
Suppose -4*m = -z + 615, 4*m = -0*z + 5*z - 3011. What is the hundreds digit of z?
5
Let s(t) = -7*t**2 + 18*t - 53. Let z be s(5). Let f = z + 292. What is the units digit of f?
4
Let k(i) = 155*i - 73. What is the units digit of k(10)?
7
Let p(h) = 70*h**2 - 8*h - 3. What is the units digit of p(-1)?
5
Let v(l) = -2*l - 2. Suppose 2*h - 8 - 2 = 0. Let f be v(h). Let o = f - -43. What is the units digit of o?
1
Let j be (-22)/(-5) + (-28)/70. Suppose -4*h + 2*i + 64 = -2*i, 0 = 2*i + j. What is the units digit of h?
4
Let f(x) = x**3 - 7*x**2 + 8*x - 1. Suppose 14*b = 12*b + 14. What is the units digit of f(b)?
5
Let l = 3 - -13. Let p be 1/(-4) + 276/l. Let b = 11 + p. What is the tens digit of b?
2
Let j(h) = 2*h - 7. Let c be j(5). Suppose -i = -2*i + c*b + 28, -2*i = b - 63. What is the tens digit of i?
3
Suppose -5*a - d = -3846, -a = -4*d - 0*d - 765. What is the units digit of a?
9
Let x(o) = -176 + 97 + 118 - 8*o. What is the tens digit of x(-14)?
5
What is the units digit of 14/63 - (-36654)/54?
9
Let o(j) = 58*j + 2. Suppose -6 = u - 4*u. Let x be o(u). Suppose -2*b + 4 = -b, -2*k - 4*b = -x. What is the tens digit of k?
5
Suppose -2*f = 8, -30 = 2*v + 6*f - 5*f. What is the units digit of (30*(-2)/(-14))/(v/(-728))?
0
Let b be ((-4)/(-6))/((-8)/156). Let r = b - -13. Suppose 48 = 3*z - r*z. What is the tens digit of z?
1
Suppose 80*a + 7412 - 99972 = 0. What is the tens digit of a?
5
Let n(u) = -u**3 - 4*u**2 - 4*u. Let r be n(-2). Suppose 0 = -r*d - 2*d + 2*b + 108, b + 162 = 3*d. What is the units digit of d?
4
Let i be (-2)/6 + 20/6. Let d be (-68)/(-3)*i/2. Let m = d + -24. What is the tens digit of m?
1
What is the thousands digit of 23351/8 + (-16)/(-128)?
2
Suppose -j - 29 = -u, -4*u = -3*u + j - 35. Let h = u + -14. What is the units digit of h?
8
Let o be 6/9 + 8/6. Suppose -o = -4*w + 3*w, -f = -4*w - 10. What is the tens digit of f?
1
Let s(r) = 10*r + 2*r - 11 - 1 - 3. What is the hundreds digit of s(13)?
1
Suppose -4*u + 71 = 123. Let w(n) = -8*n + 31. What is the hundreds digit of w(u)?
1
Let s(l) = l**3 - 20*l**2 + 45*l - 24. Let w be (-2)/(-5) - (-1408)/80. What is the hundreds digit of s(w)?
1
Let k be -4 - -1 - (1 + 0). Let o = k - -7. Let q = o + 11. What is the units digit of q?
4
What is the tens digit of ((-16)/12)/(((-104)/13536)/13)?
5
Suppose 0 = x - 0*x - 4*b + 20, -x = -3*b + 15. Suppose 3*m + 72 = 4*s + 17, x = 2*s + 3*m - 23. What is the tens digit of s?
1
Suppose y = 5*p - 2*p - 2612, 5*p - 2*y = 4353. What is the hundreds digit of p?
8
Suppose 8 - 20 = -4*z. Suppose 3*x = -4*a + 238, 0 = -3*x - z*a + 8*a + 283. What is the units digit of x?
6
Let u(w) = w**3 + 17*w**2 - 25*w - 134. What is the tens digit of u(-16)?
2
Let v(n) = n + 10. Let f be v(-7). Let u = 2 + f. What is the units digit of u?
5
Suppose -5*p + 70 = 5*o, 2*p - 7*o = -2*o + 7. Let v = 7 - p. What is the tens digit of -8*14/v - -1?
2
Let p = 3 - 3. Let s be p + (-6 + 3 - -7). Suppose -5 = -f - x + 5, 2*x = s*f - 64. What is the tens digit of f?
1
Let y(o) = -o**3 + 12*o**2 + 2*o - 4. Let u be (-30)/165 - (-268)/22. What is the tens digit of y(u)?
2
Let y = 69 + -75. Let w(v) = -v**2 - 14*v + 4. What is the units digit of w(y)?
2
Suppose -7*s = o - 2*s - 1423, -4*o = 4*s - 5612. What is the thousands digit of o?
1
Let c(s) = 44*s**2 + 21*s - 13. What is the hundreds digit of c(-5)?
9
Let j(n) = 18*n**2 + 1. What is the hundreds digit of j(-5)?
4
Let d(q) = -31*q**2 - 2*q + 1. Let w be d(1). Suppose 89*g - 94*g = 110. Let v = g - w. What is the units digit of v?
0
Let v = -16 + 1. Let g = v + 33. What is the tens digit of g?
1
Let d(h) = -3*h**2 + 26*h + 26. What is the tens digit of d(9)?
1
Suppose -206 = 49*k - 51*k. What is the hundreds digit of (k - 2)/(2/4)?
2
Suppose 4 = -2*y - 10. Let l = y + 4. What is the units digit of (-5 - l)/(1*-2)?
1
Let x = -50 - -559. What is the tens digit of x?
0
Let h be (3 - 20)*2/(-2). Suppose 4*k = 15 + h. What is the units digit of k?
8
Let c = 18 + -15. Suppose 3*a - 175 = -4*b - 0*a, -c*a = -5*b + 239. What is the units digit of b?
6
Let v(o) = 9*o - 39. What is the units digit of v(6)?
5
Let z(p) = -p + 4*p + 3*p + 3 + p**2 + p. Let x(f) = 2*f**2 + 8*f + 2. Let n(h) = 3*x(h) - 4*z(h). What is the tens digit of n(-3)?
2
What is the hundreds digit of 16/(-56) + 5996/14?
4
Suppose -2*b - 3*b + 29 = 2*t, -b = t - 7. Suppose -t*g - 7 = 5*s, 4*s + 2 = -0*g - 2*g. What is the units digit of g?
9
Let r be (-26)/(-6) + 1 + 4/(-12). Suppose -2*k = -3*h - 90, 